Determine w(m).
-3
Let k = -2 - -4. Let u(c) be the third derivative of -1/30*c**5 + 0*c + 0 + 7*c**2 + 1/60*c**6 + 1/6*c**3 - 1/12*c**4. What is u(k)?
5
Suppose 67*t - 5 = 72*t. Let v(q) be the third derivative of -q**5/24 + q**3/3 + 2*q**2. Let h(k) be the first derivative of v(k). Give h(t).
5
Let r(d) = 9*d**3 - d**2. Let k = -9 + 4. Let x be (k - -9) + (4 - 7). Give r(x).
8
Let y be 1*-2 - 33/(-44)*4. Let o(b) = 6*b**2 - b + 1. Give o(y).
6
Let s(y) be the second derivative of -23*y**3/6 - 100*y + 2. Calculate s(-1).
23
Let f(i) = -8*i**2 + 1. Suppose 22*o + 21 + 1 = 0. Give f(o).
-7
Let z = 57 + -61. Let q(b) = b**3 + 5*b**2 + 3*b + 3. Calculate q(z).
7
Let s(d) = -12*d + 189. Let f be s(16). Let u(x) = 5*x**2 + x - 3. Determine u(f).
39
Let h(p) be the third derivative of p**6/120 + p**5/15 - p**4/24 - 2*p**3/3 + 290*p**2. What is h(-4)?
0
Let s(m) be the third derivative of 2/3*m**3 + 0*m - 1/6*m**4 + 18*m**2 - 1/120*m**6 + 0 + 1/10*m**5. What is s(5)?
9
Let o(l) be the second derivative of -3*l**5/10 + l**4/4 - l**3/3 - 26*l + 8. Determine o(1).
-5
Let s(n) be the first derivative of 13*n**2 + n - 562. What is s(-1)?
-25
Let v(g) = 3*g**2 + 23. Let s(f) = -f**2 - 8. Let j(d) = -11*s(d) - 4*v(d). Let c(t) = 12*t + 117. Let o be c(-10). Give j(o).
-13
Let m(c) = c - 3. Let p be 3*-2*4/(-12)*2. Calculate m(p).
1
Let n(m) be the third derivative of 1/24*m**4 + 0 + 1/3*m**3 + 0*m + 13*m**2. Give n(4).
6
Let x(o) be the second derivative of -o**6/360 + o**5/40 + 7*o**4/12 + 20*o. Let r(t) be the third derivative of x(t). Determine r(3).
-3
Let v(m) = m + 1 - 5 - 6. Give v(6).
-4
Let y(g) = g**2 - 5*g - 2. Let x be y(5). Let v(n) = 1 + 105*n**2 - 106*n**2 - 22*n + 4 - 8 + 19*n. Determine v(x).
-1
Let y be (-2)/3*(3 - 6). Suppose 2*u - 3*w + 5 = -y*u, 3*w = 2*u + 7. Suppose 2*m - u = 3. Let g(v) = v**3 - 2*v + 1. What is g(m)?
5
Let p(o) be the third derivative of -o**4/24 - 2*o**3 + 97*o**2. Calculate p(-10).
-2
Let m = 1471 - 1470. Let h(v) = -v. Let t(q) = -10*q + 1. Let r(z) = 5*h(z) - t(z). Determine r(m).
4
Let g(x) = -2*x - 9. Suppose -3*b - 90 = 60. Let m = 42 + b. Give g(m).
7
Let y(r) be the third derivative of 7*r**4/24 + 5*r**3/3 - 44*r**2. What is y(-4)?
-18
Let k(s) = -s**3 + 4*s**2 - 5*s + 3. Let c be k(3). Suppose 7*b + 9*b = -48. Let r = c - b. Let a(t) = -t**3 + t**2 + t + 3. Calculate a(r).
3
Let y(d) = -d**2 + 76. Let l be y(0). Suppose -l*j + 71*j = -5. Let u(g) be the third derivative of -g**6/40 - g**5/30 + g**3/6 - 2*g**2. What is u(j)?
-4
Let l(q) = -q**3 - 28*q**2 - 2*q - 54. Let p be l(-28). Let s(r) = -19*r + 2. Give s(p).
-36
Let p(r) = -16*r - 57. Let n be p(-5). Let w(h) = -10*h + 40*h - n*h - 1. Determine w(1).
6
Let b(a) be the second derivative of a**5/20 + 5*a**4/12 + a**3/3 + 2*a**2 + 4*a + 22. Suppose 2*h = -3*q - 10, 2*h + 0*q + 10 = -2*q. What is b(h)?
-6
Let u(n) = -2*n**3 + 10*n - 101 - 98 - 8*n**2 + n**3 + 200. What is u(-9)?
-8
Let u(a) = -6*a + 6. Suppose -5*l + 8 = -3*v, 3*l + 5*v + 2 = -0*v. Suppose 2*c + l = -3*i, -c + 5*i = -12 - 7. What is u(c)?
-18
Let j(i) be the second derivative of -1/2*i**4 + 0*i**2 + 0 + 1/6*i**3 + 3*i. What is j(-1)?
-7
Let k(d) = -d**2 + 5*d - 11. Let m(r) = -3*r**2 - 51*r - 193. Let c be m(-11). Calculate k(c).
-11
Suppose m = 8*m. Let p(f) be the third derivative of 0*f + 1/6*f**3 - 1/24*f**4 + 4*f**2 + 1/60*f**5 + 0. Give p(m).
1
Let g(v) = 3*v**3 - v**2 + v - 1. Let x be g(1). Let u be 5/2 - 1/x. Let i(o) = -6*o**u + 1 + 3*o**2 + 5 - 5 + o**3. What is i(3)?
1
Let z(u) = -2*u**2 - 28*u + 6. Let k be z(-14). Let c(j) = -5*j + 26. Let h be c(k). Let o(t) = t**2 + 3*t - 2. Determine o(h).
2
Suppose -177 = -5*m + 2*m. Let q(u) = -59 - 5*u + 121 - m. Determine q(-3).
18
Let j be (15/6)/((-2)/(-4)). Suppose 3*u + 4 = -0*u + 2*v, -j = u + 3*v. Let g be (-1 - (-10 + u)) + -4. Let s(k) = -k**2 + 6*k + 8. What is s(g)?
1
Let q(j) be the second derivative of j**3/6 + 5*j**2 + 231*j. Give q(-3).
7
Let z be 3 + -1 + 20 + (-1 - -2). Let f = z - 17. Let a(t) = -t**2 + 9*t - 7. What is a(f)?
11
Let w(s) = -6*s - 6. Let p(l) = 5*l + 6. Let r(o) = 4*p(o) + 3*w(o). Suppose 229 = -23*t + 91. Give r(t).
-6
Suppose -3*v = -c - 8, 15*v - 12*v = -c + 22. Let h(r) = -r**2 - r + 2. Let q be h(0). Let p(y) = -y**3 - q*y - c*y**2 + y**2 - 4*y + 12*y**2. Calculate p(5).
-5
Let h = 10 - 10. Let r(l) be the first derivative of -l**3/3 - l**2/2 - 14*l - 5. Determine r(h).
-14
Let y(h) be the first derivative of 26 - 4*h - 5/2*h**2 + 1/4*h**4 - 4/3*h**3. Calculate y(5).
-4
Let y(l) = l**2 - 6*l - 4. Let v(u) be the first derivative of u**3/3 - 8*u**2 - 10*u + 35. Let w be v(17). What is y(w)?
3
Let b(a) be the first derivative of -9*a**4/4 - 3*a + 3. Let c(h) = 1. Suppose -2*l + 0*l = 2. Let v(p) = l*b(p) - 2*c(p). Determine v(-1).
-8
Let m(h) be the second derivative of 5/2*h**2 + 5/12*h**4 + 1/20*h**5 - 23*h - 5/6*h**3 + 0. Determine m(-6).
-1
Suppose -6 = y - 10. Let h be 20 - 16 - (-1 + y). Let o(q) = -2*q**2 + 4*q + 3. Let j(u) = u**2 - 5*u - 4. Let m(z) = -4*j(z) - 5*o(z). Determine m(h).
7
Let a(d) = -d**2 + 3*d + 1. Let j(q) = q**3 + 4*q**2 - 5. Suppose 0 = 68*y - 67*y + 3. Let s be j(y). What is a(s)?
-3
Let q(o) = 9*o + 29. Let g be q(-3). Let x(n) = 3*n + 2. Calculate x(g).
8
Let c(a) be the third derivative of -a**5/60 + a**4/4 - a**3 - 7*a**2. Suppose 2*l + 0*l - 12 = 0. What is c(l)?
-6
Let f(v) = -3*v - 32 - 196*v**2 + 35 + v**3 + 189*v**2. Calculate f(7).
-18
Let j(b) be the third derivative of 2*b**5/15 + b**4/24 + 3*b**2. Let a = 69 + -67. Suppose 3*u - a*u - 11 = -3*p, u = p - 5. Give j(u).
7
Let h(x) = 2*x**3 + 3*x**2 + x - 1. Let o be 0 + (0 - 2)*(0 + 1). Let l be (3/(-2))/((-3)/(-8)). Let p = l - o. What is h(p)?
-7
Let x be 10/15*15/2. Suppose 6*z = -7 - x. Let k(q) be the third derivative of -q**6/120 + q**5/60 + q**4/12 + 2*q**2. Give k(z).
8
Let j(a) = -4*a + 1. Let h(f) = -f. Let o(y) = 5*h(y) - j(y). Let k(z) = -3*z - 4. Let d(g) = k(g) - 4*o(g). What is d(-5)?
-5
Let f(h) = h - 1. Let c(u) = -u**2 + u - 7. Let y(o) = c(o) - 6*f(o). Let a be ((0 + -1)/(14/4))/((-19)/(-399)). Calculate y(a).
-7
Let p(i) = 3*i**2 - 7*i + 7. Let u(b) = -41*b**2 + 39*b**2 - 10 + 4 + 6*b. Let c(x) = -5*p(x) - 6*u(x). Give c(1).
-3
Let k(j) = -2*j**2 - 19*j + 7. Let d(a) = a**2 + 9*a - 4. Suppose 0 = p - 3 + 10. Let g(v) = p*d(v) - 3*k(v). Calculate g(-6).
7
Let y(b) = -6*b + 1. Let p = 19 + -14. Let s(i) = -7*i + 1. Let z(q) = p*s(q) - 6*y(q). Suppose 4*v = -5*f - 18, -v + 3 = -0*v. What is z(f)?
-7
Let u(f) = f**3 - 3*f**2 - 4*f + 3. Let s(y) = -y**2 + 13*y - 21. Let i be s(7). Suppose -i = -6*p - 3. Give u(p).
-9
Let a(u) = u**2 - 2*u + 1. Let m(g) = 5*g - 11*g**2 + 27 + 6*g + 12*g**2. Let f be m(-8). Determine a(f).
4
Let z(l) be the second derivative of 0 - 2/3*l**3 + 5/2*l**2 + 1/12*l**4 + l. Let y = 23 + -18. Give z(y).
10
Let s(h) = h**3 - 4*h**2 - 1. Let k(n) = -n**2 + 4*n. Let d be k(3). Let u be d/6 + 35/10. Give s(u).
-1
Let s be -2 - (-4 - 5)*2. Let m(i) = 15*i + 2 - 6 - s*i. Suppose 2*p = -4 - 2. What is m(p)?
-1
Let l(b) = -3*b + 6. Let w be (-2176)/(-1408) - 12/22. Calculate l(w).
3
Let n(z) be the second derivative of z**4/24 + z**3/3 - 11*z**2/2 - 4*z. Let f(v) be the first derivative of n(v). Calculate f(-6).
-4
Let f(y) = 25*y**2 + 1. Let r = -251 - -250. Determine f(r).
26
Let g = -292 - -296. Let y(z) = z**2 - 6*z - 3. Determine y(g).
-11
Let q(u) = -2*u - 3. Let c be q(-1). Let w be c/((-10)/78) + (-5)/(-25). Let a(x) = -x**3 + 9*x**2 - 7*x. What is a(w)?
8
Let a = -2105 + 2100. Let p(y) = y**3 + 4*y**2 + 5*y. Determine p(a).
-50
Let z(a) = -31 + 4*a**2 + 68 + a**2 - 32 - 4*a. Let c(x) = -14*x**2 + 11*x - 14. Let q(r) = -4*c(r) - 11*z(r). Let n = 4 + -6. Determine q(n).
5
Let s(t) be the third derivative of -t**5/60 - t**4/12 + 5*t**3/6 + t**2. Let k be s(-4). Let d(m) = -5*m**2 + 2*m - 4 - 6*m + 5*m**2 + 6*m + m**2. Give d(k).
-1
Let h(y) be the first derivative of -1/3*y**3 + 0*y + 1/2*y**2 + 7. Let l(o) = 9*o**2 - o + 3. Let g(t) = -6*h(t) - l(t). Give g(-3).
-15
Let p(j) = -2*j - 21. Let y = -240 - -233. Determine p(y).
-7
Let w(d) = -d**3 - 4*d**2 - 3*d - 1. Suppose 0 = -27*k + 22*k. Suppose k = 3*j - 7*j - 8. Determine w(j).
-3
Let j be ((-18)/9 - -8) + 0 + -3.